243576 and 12240?
1224
What is the highest common divisor of 1526 and 8400?
14
Calculate the highest common divisor of 74 and 37333.
37
Calculate the highest common divisor of 50 and 63070.
10
Calculate the greatest common factor of 21 and 9498.
3
What is the greatest common factor of 285 and 11210?
95
Calculate the greatest common factor of 575 and 5799450.
575
Calculate the highest common factor of 2604 and 32676.
84
What is the highest common factor of 2454 and 1434?
6
What is the greatest common factor of 3500 and 215?
5
What is the greatest common factor of 684 and 252?
36
What is the highest common divisor of 2902905 and 27?
27
What is the highest common factor of 4 and 14149?
1
Calculate the greatest common divisor of 13312 and 312416.
416
Calculate the highest common factor of 196 and 90062.
98
Calculate the greatest common divisor of 25833 and 654.
327
What is the greatest common factor of 133 and 61693?
19
What is the greatest common factor of 141 and 131083?
47
Calculate the greatest common divisor of 20320 and 1648.
16
What is the greatest common divisor of 15807 and 726?
33
What is the highest common divisor of 168 and 4599384?
24
Calculate the highest common divisor of 69204 and 2190.
438
Calculate the highest common factor of 256 and 20112.
16
Calculate the highest common factor of 378 and 26775.
63
What is the greatest common divisor of 3034 and 32554?
82
Calculate the highest common divisor of 8507 and 25709.
47
What is the greatest common divisor of 235649 and 71?
71
Calculate the greatest common divisor of 121325 and 1380.
115
Calculate the highest common divisor of 1125 and 549.
9
What is the greatest common factor of 4624 and 15216?
16
What is the greatest common factor of 25070 and 4830?
230
What is the greatest common factor of 497926 and 793?
13
Calculate the greatest common factor of 253566 and 36.
18
What is the greatest common divisor of 125 and 17425?
25
Calculate the greatest common factor of 3650 and 28105.
365
Calculate the greatest common divisor of 1130063 and 38.
19
What is the highest common divisor of 17204 and 5423?
187
What is the highest common factor of 3999 and 7843?
31
What is the greatest common divisor of 11 and 20317?
11
Calculate the highest common factor of 59140 and 40.
20
What is the highest common divisor of 5404 and 105764?
772
Calculate the highest common divisor of 2 and 106086.
2
Calculate the highest common divisor of 57114 and 668.
334
Calculate the greatest common divisor of 36 and 78492.
12
What is the greatest common divisor of 77895 and 30?
15
What is the highest common divisor of 48 and 19528?
8
What is the greatest common divisor of 2061722 and 537?
179
What is the highest common divisor of 3452 and 699893?
863
What is the highest common divisor of 34891 and 12765?
851
What is the greatest common divisor of 3240 and 251910?
810
What is the greatest common divisor of 49073 and 899?
31
What is the greatest common factor of 610 and 2495815?
305
Calculate the greatest common divisor of 513 and 12350.
19
Calculate the highest common divisor of 54501 and 23568.
1473
What is the highest common factor of 3684807 and 1035?
207
Calculate the greatest common divisor of 161 and 111811.
7
What is the highest common divisor of 1976 and 1706808?
152
What is the highest common divisor of 918 and 5202?
306
Calculate the greatest common divisor of 6016 and 244964.
188
What is the greatest common divisor of 2146924 and 114?
38
What is the greatest common factor of 37 and 493543?
37
What is the greatest common divisor of 22311 and 109143?
603
Calculate the greatest common divisor of 31300 and 800.
100
What is the greatest common factor of 9960 and 2580?
60
What is the greatest common factor of 289 and 1937167?
289
Calculate the highest common divisor of 988 and 654550.
494
Calculate the highest common factor of 35033 and 212.
53
Calculate the greatest common divisor of 201677 and 4277.
329
Calculate the greatest common factor of 23066 and 568152.
1214
What is the highest common factor of 5517 and 30?
3
Calculate the highest common factor of 73 and 117457.
73
What is the greatest common factor of 618 and 246?
6
What is the highest common divisor of 6360 and 120045?
795
What is the greatest common divisor of 351 and 429780?
39
Calculate the highest common factor of 9238 and 22946.
298
Calculate the greatest common factor of 956 and 42781.
239
Calculate the highest common divisor of 1152 and 2784.
96
Calculate the greatest common factor of 25680 and 165315.
1605
Calculate the highest common factor of 1248 and 48768.
96
Calculate the highest common divisor of 619384 and 417.
139
What is the greatest common divisor of 2121 and 63?
21
What is the highest common divisor of 9633 and 10621?
247
Calculate the highest common factor of 134573 and 23.
23
What is the highest common factor of 16807 and 847?
7
Calculate the highest common factor of 675843 and 63.
21
What is the highest common divisor of 115840 and 12851?
181
What is the highest common factor of 10950 and 7050?
150
Calculate the greatest common divisor of 6377 and 441835.
911
What is the greatest common divisor of 22162 and 42?
14
What is the greatest common factor of 1722 and 2562?
42
What is the highest common divisor of 207492 and 12?
12
What is the highest common divisor of 494769 and 2871?
957
What is the greatest common factor of 2160 and 1230?
30
Calculate the greatest common divisor of 219861 and 459.
459
What is the highest common divisor of 60552 and 3016?
232
What is the greatest common factor of 255632 and 208?
208
What is the highest common factor of 5592 and 140?
4
Calculate the greatest common factor of 5799742 and 338.
338
What is the greatest common factor of 226 and 17?
1
Calculate the greatest common divisor of 231465 and 9.
3
What is the greatest common factor of 5055 and 3375?
15
What is the highest common factor of 125 and 2087875?
125
What is the greatest common divisor of 13093845 and 15?
15
Calculate the highest common factor of 8213359 and 1694.
847
Calculate the greatest common divisor of 21423 and 555.
111
What is the greatest common factor of 47952 and 3024?
432
What is the greatest common divisor of 27509 and 12?
1
Calculate the greatest common factor of 7 and 4249.
7
Calculate the highest common divisor of 303 and 163822.
101
What is the greatest common divisor of 12150 and 357450?
150
Calculate the greatest common divisor of 771 and 6125595.
771
Calculate the highest common divisor of 1671948 and 452.
452
What is the greatest common factor of 570 and 24985?
95
Calculate the highest common divisor of 48173 and 469.
67
What is the greatest common divisor of 316 and 164?
4
What is the greatest common factor of 416 and 1240?
8
Calculate the greatest common factor of 6355 and 1085.
155
What is the greatest common divisor of 2259 and 153?
9
What is the greatest common factor of 1089 and 15840?
99
What is the greatest common factor of 245872 and 15125?
121
What is the highest common factor of 1470 and 2968?
14
Calculate the highest common factor of 74727 and 722.
361
Calculate the highest common divisor of 8 and 112264.
8
What is the greatest common factor of 1981 and 161?
7
Calculate the greatest common factor of 45 and 490419.
9
What is the highest common divisor of 47 and 222827?
47
Calculate the greatest common divisor of 234 and 13026.
78
What is the highest common divisor of 14282 and 2738?
74
Calculate the highest common factor of 4330 and 49330.
10
What is the greatest common factor of 336 and 349920?
48
What is the highest common divisor of 19261 and 590293?
1133
Calculate the highest common factor of 1221 and 2220.
111
What is the highest common factor of 555631 and 67?
67
Calculate the highest common divisor of 20775 and 9972.
831
Calculate the greatest common factor of 6915 and 85.
5
Calculate the greatest common divisor of 59874 and 102.
102
Calculate the greatest common factor of 1026 and 9702.
18
Calculate the highest common divisor of 40678 and 11352.
946
What is the greatest common divisor of 140 and 58660?
140
Calculate the greatest common divisor of 55913 and 187.
187
What is the greatest common divisor of 515581 and 121?
121
What is the greatest common divisor of 228995 and 1084?
271
Calculate the highe